{"id":3996,"date":"2021-12-11T11:39:48","date_gmt":"2021-12-11T10:39:48","guid":{"rendered":"https:\/\/www.3dsro.sk\/wp1\/?post_type=product&#038;p=3996"},"modified":"2025-03-24T18:30:01","modified_gmt":"2025-03-24T17:30:01","slug":"sm304-membranovy-ptfe-filter","status":"publish","type":"product","link":"https:\/\/www.3dsro.sk\/wp1\/obchod\/sm304-membranovy-ptfe-filter\/","title":{"rendered":"SM304.\u2022 Membr\u00e1nov\u00fd PTFE Filter"},"content":{"rendered":"<p style=\"margin: 0cm;\">S\u00e9ria: <strong>SM304 &#8211; Membr\u00e1nov\u00fd Filter nerezov\u00fd 316L<\/strong><\/p>\n<ul>\n<li>Filtre s\u00e9rie SM s\u00fa ur\u010den\u00e9 pre odstr\u00e1nenie kvapaliny z plynov<\/li>\n<li>Pripojenie v rozsahu 1\/16 a\u017e 1\/2&#8243; vn\u00fatorn\u00fd z\u00e1vit<\/li>\n<li>\u0160tandardne maj\u00fa filtre vn\u00fatorn\u00fd NPT z\u00e1vit a tesnenie z Vitonu.<\/li>\n<li>V ponuke aj \u010fal\u0161ie materi\u00e1lov\u00e9 prevedenia tesnen\u00ed<\/li>\n<li>Tel\u00e1 filtrov s\u00fa bez zvarov a zodpovedaj\u00fa NACE MR-01-75 a s\u00fa ozna\u010den\u00e9 CE v s\u00falade s PED 2014\/68\/E\u00da.<\/li>\n<li>\n<p style=\"margin: 0cm;\">Filtra\u010dn\u00fd element objedn\u00e1vac\u00ed k\u00f3d: MT.89.<strong><span style=\"color: #ff6600;\">\u25a1<\/span><\/strong><\/p>\n<\/li>\n<\/ul>\n<p style=\"margin: 0cm;\"><strong>Mo\u017enosti prisp\u00f4sobenia:<\/strong><\/p>\n<p style=\"margin: 0cm;\">Materi\u00e1l: Hastelloy, Monel, Titan a \u010fal\u0161ie.<\/p>\n<p style=\"margin: 0cm;\">Pripojovac\u00ed z\u00e1vit: BSPT a BSPP, alebo pod\u013ea po\u017eiadavky.<\/p>\n<p><img decoding=\"async\" class=\"size-full wp-image-4008\" src=\"https:\/\/www.3dsro.sk\/wp1\/wp-content\/uploads\/2021\/12\/SM304_Series_specifikacia.png\" alt=\"SM304 classic filters specification\" width=\"1544\" height=\"736\" srcset=\"https:\/\/www.3dsro.sk\/wp1\/wp-content\/uploads\/2021\/12\/SM304_Series_specifikacia-200x95.png 200w, https:\/\/www.3dsro.sk\/wp1\/wp-content\/uploads\/2021\/12\/SM304_Series_specifikacia-300x143.png 300w, https:\/\/www.3dsro.sk\/wp1\/wp-content\/uploads\/2021\/12\/SM304_Series_specifikacia-400x191.png 400w, https:\/\/www.3dsro.sk\/wp1\/wp-content\/uploads\/2021\/12\/SM304_Series_specifikacia-500x238.png 500w, https:\/\/www.3dsro.sk\/wp1\/wp-content\/uploads\/2021\/12\/SM304_Series_specifikacia-600x286.png 600w, https:\/\/www.3dsro.sk\/wp1\/wp-content\/uploads\/2021\/12\/SM304_Series_specifikacia-700x334.png 700w, https:\/\/www.3dsro.sk\/wp1\/wp-content\/uploads\/2021\/12\/SM304_Series_specifikacia-768x366.png 768w, https:\/\/www.3dsro.sk\/wp1\/wp-content\/uploads\/2021\/12\/SM304_Series_specifikacia-800x381.png 800w, https:\/\/www.3dsro.sk\/wp1\/wp-content\/uploads\/2021\/12\/SM304_Series_specifikacia-1024x488.png 1024w, https:\/\/www.3dsro.sk\/wp1\/wp-content\/uploads\/2021\/12\/SM304_Series_specifikacia-1200x572.png 1200w, https:\/\/www.3dsro.sk\/wp1\/wp-content\/uploads\/2021\/12\/SM304_Series_specifikacia-1536x732.png 1536w, https:\/\/www.3dsro.sk\/wp1\/wp-content\/uploads\/2021\/12\/SM304_Series_specifikacia.png 1544w\" sizes=\"(max-width: 1544px) 100vw, 1544px\" \/><\/p>\n<p style=\"margin: 0cm;\">(1) Maxim\u00e1lna teplota 150 \u00b0C je stanoven\u00e1 pre PTFE materi\u00e1l membr\u00e1ny<\/p>\n<p style=\"margin: 0cm;\">(2) Skratky materi\u00e1lov, 316L SS = 316L nehrdzavej\u00faca oce\u013e<\/p>\n","protected":false},"excerpt":{"rendered":"<ul>\n<li>Membr\u00e1nov\u00fd PTFE filter<\/li>\n<li>Pou\u017eitie na odstr\u00e1nenie kvapal\u00edn z plynov<\/li>\n<li>Materi\u00e1l SS\u2022\u2022 316L nerez<\/li>\n<li>Max. tlak 35 Bar<\/li>\n<li>Pripojenie 1\/4&#8243;, 1\/2&#8243;<\/li>\n<li>V\u00fdmena filtra\u010dn\u00e9ho elementu bez odpojenia odkalenia<\/li>\n<li>Materi\u00e1l tesnenia vyberte pod\u013ea po\u017eiadavky<\/li>\n<li>Filtra\u010dn\u00fd element rozmer MT.89.\u2022\u2022<\/li>\n<\/ul>\n<p style=\"margin: 0cm;\">Produktov\u00fd list: <span style=\"color: #ff0000;\"><strong><a style=\"color: #ff0000;\" href=\"https:\/\/www.classicfilters.com\/pdf\/CF2.1\/157_SM304_Series.pdf\" target=\"_blank\" rel=\"noopener noreferrer\">SM304<\/a><\/strong><\/span><\/p>\n<p style=\"margin: 0cm;\">Z\u00e1kladn\u00e9 inform\u00e1cie a princ\u00edp: <span style=\"color: #ff0000;\"><strong><a style=\"color: #ff0000;\" href=\"https:\/\/www.classicfilters.com\/pdf\/CF2.1\/009_PTFE-Membrane_Housings.pdf\" target=\"_blank\" rel=\"noopener noreferrer\">Membr\u00e1nov\u00e9 filtre<\/a><\/strong><\/span><\/p>\n<p style=\"margin: 0cm;\">Opcie pre membr\u00e1nov\u00e9 filtre: <span style=\"color: #ff0000;\"><strong><a style=\"color: #ff0000;\" href=\"https:\/\/www.classicfilters.com\/pdf\/CF2.1\/010_PTFE-Membrane_Housing_Options.pdf\" target=\"_blank\" rel=\"noopener noreferrer\">Membr\u00e1nov\u00e9 filtre &#8211; opcie<\/a><\/strong><\/span><\/p>\n<p style=\"margin: 0cm;\">PTFE membr\u00e1ny, rozmery: <strong><a style=\"color: #ff0000;\" href=\"https:\/\/www.classicfilters.com\/pdf\/CF2.1\/040_PTFE_Membranes.pdf\" target=\"_blank\" rel=\"noopener noreferrer\">PTFE membr\u00e1ny, rozmery, stupne filtr\u00e1cie<\/a><\/strong><\/p>\n<p style=\"margin: 0cm;\">Dimenzovanie, tlakov\u00e1 strata a prietok: <strong><a style=\"color: #ff0000;\" href=\"https:\/\/www.classicfilters.com\/pdf\/CF2.1\/041_Flow_Rates_PTFE_Membranes.pdf\" target=\"_blank\" rel=\"noopener noreferrer\">Dimenzovanie PTFE membr\u00e1n<\/a><\/strong><\/p>\n<p style=\"margin: 0cm;\">\n","protected":false},"featured_media":4007,"template":"","meta":{"_monsterinsights_skip_tracking":false,"_monsterinsights_sitenote_active":false,"_monsterinsights_sitenote_note":"","_monsterinsights_sitenote_category":0,"spay_email":""},"product_cat":[53,229],"product_tag":[],"class_list":["post-3996","product","type-product","status-publish","has-post-thumbnail","hentry","product_cat-filters","product_cat-nerezove_filtre_sm","pa_material-ss-316l","pa_material-tesnenie-tesnenie-kalrez","pa_material-tesnenie-tesnenie-chemraz","pa_material-tesnenie-tesnenie-viton","pa_material-tesnenie-tesnenie-epdm","pa_material-tesnenie-tesnenie-silicone","pa_port-size-port-size-1-4","pa_port-size-port-size-1-2","pa_teplota-temp-150","pa_tlak-bar-35","pa_velkost-elementu-element-mt-89"],"yoast_head":"<!-- This site is optimized with the Yoast SEO Premium plugin v18.1 (Yoast SEO v18.2) - https:\/\/yoast.com\/wordpress\/plugins\/seo\/ -->\n<title>SM304.\u2022 Membr\u00e1nov\u00fd PTFE Filter - 3dsro<\/title>\n<meta name=\"description\" content=\"Nerezov\u00e9 membr\u00e1nov\u00e9 filtre s\u00e9rie SM s\u00fa ur\u010den\u00e9 na odstr\u00e1nenie kvapaliny z plynov. Na PTFE membr\u00e1ne doch\u00e1dza ku vyzr\u00e1\u017eaniu vlhkosti.\" \/>\n<meta name=\"robots\" content=\"index, follow, max-snippet:-1, max-image-preview:large, max-video-preview:-1\" \/>\n<link rel=\"canonical\" href=\"https:\/\/www.3dsro.sk\/wp1\/obchod\/sm304-membranovy-ptfe-filter\/\" \/>\n<meta property=\"og:locale\" content=\"sk_SK\" \/>\n<meta property=\"og:type\" content=\"article\" \/>\n<meta property=\"og:title\" content=\"SM304.\u2022 Membr\u00e1nov\u00fd PTFE Filter\" \/>\n<meta property=\"og:description\" content=\"Nerezov\u00e9 membr\u00e1nov\u00e9 filtre s\u00e9rie SM s\u00fa ur\u010den\u00e9 na odstr\u00e1nenie kvapaliny z plynov. Na PTFE membr\u00e1ne doch\u00e1dza ku vyzr\u00e1\u017eaniu vlhkosti.\" \/>\n<meta property=\"og:url\" content=\"https:\/\/www.3dsro.sk\/wp1\/obchod\/sm304-membranovy-ptfe-filter\/\" \/>\n<meta property=\"og:site_name\" content=\"3dsro\" \/>\n<meta property=\"article:modified_time\" content=\"2025-03-24T17:30:01+00:00\" \/>\n<meta property=\"og:image\" content=\"https:\/\/www.3dsro.sk\/wp1\/wp-content\/uploads\/2021\/12\/002_SM304_Series.jpg\" \/>\n\t<meta property=\"og:image:width\" content=\"1000\" \/>\n\t<meta property=\"og:image:height\" content=\"1001\" \/>\n\t<meta property=\"og:image:type\" content=\"image\/jpeg\" \/>\n<meta name=\"twitter:card\" content=\"summary_large_image\" \/>\n<meta name=\"twitter:label1\" content=\"Availability\" \/>\n\t<meta name=\"twitter:data1\" content=\"On backorder\" \/>\n<script type=\"application\/ld+json\" class=\"yoast-schema-graph\">{\"@context\":\"https:\/\/schema.org\",\"@graph\":[{\"@type\":\"Organization\",\"@id\":\"https:\/\/www.3dsro.sk\/wp1\/#organization\",\"name\":\"3D s.r.o.\",\"url\":\"https:\/\/www.3dsro.sk\/wp1\/\",\"sameAs\":[],\"logo\":{\"@type\":\"ImageObject\",\"@id\":\"https:\/\/www.3dsro.sk\/wp1\/#logo\",\"inLanguage\":\"sk-SK\",\"url\":\"https:\/\/www.3dsro.sk\/wp1\/wp-content\/uploads\/2020\/04\/logo-png-transp_300.png\",\"contentUrl\":\"https:\/\/www.3dsro.sk\/wp1\/wp-content\/uploads\/2020\/04\/logo-png-transp_300.png\",\"width\":300,\"height\":47,\"caption\":\"3D s.r.o.\"},\"image\":{\"@id\":\"https:\/\/www.3dsro.sk\/wp1\/#logo\"}},{\"@type\":\"WebSite\",\"@id\":\"https:\/\/www.3dsro.sk\/wp1\/#website\",\"url\":\"https:\/\/www.3dsro.sk\/wp1\/\",\"name\":\"3dsro\",\"description\":\"Process automation Robotics, Process Measurement, Control Systems\",\"publisher\":{\"@id\":\"https:\/\/www.3dsro.sk\/wp1\/#organization\"},\"potentialAction\":[{\"@type\":\"SearchAction\",\"target\":{\"@type\":\"EntryPoint\",\"urlTemplate\":\"https:\/\/www.3dsro.sk\/wp1\/?s={search_term_string}\"},\"query-input\":\"required name=search_term_string\"}],\"inLanguage\":\"sk-SK\"},{\"@type\":\"ImageObject\",\"@id\":\"https:\/\/www.3dsro.sk\/wp1\/obchod\/sm304-membranovy-ptfe-filter\/#primaryimage\",\"inLanguage\":\"sk-SK\",\"url\":\"https:\/\/www.3dsro.sk\/wp1\/wp-content\/uploads\/2021\/12\/002_SM304_Series.jpg\",\"contentUrl\":\"https:\/\/www.3dsro.sk\/wp1\/wp-content\/uploads\/2021\/12\/002_SM304_Series.jpg\",\"width\":1000,\"height\":1001,\"caption\":\"SM304 classic filters\"},{\"@type\":\"WebPage\",\"@id\":\"https:\/\/www.3dsro.sk\/wp1\/obchod\/sm304-membranovy-ptfe-filter\/#webpage\",\"url\":\"https:\/\/www.3dsro.sk\/wp1\/obchod\/sm304-membranovy-ptfe-filter\/\",\"name\":\"SM304.\u2022 Membr\u00e1nov\u00fd PTFE Filter - 3dsro\",\"isPartOf\":{\"@id\":\"https:\/\/www.3dsro.sk\/wp1\/#website\"},\"primaryImageOfPage\":{\"@id\":\"https:\/\/www.3dsro.sk\/wp1\/obchod\/sm304-membranovy-ptfe-filter\/#primaryimage\"},\"datePublished\":\"2021-12-11T10:39:48+00:00\",\"dateModified\":\"2025-03-24T17:30:01+00:00\",\"description\":\"Nerezov\u00e9 membr\u00e1nov\u00e9 filtre s\u00e9rie SM s\u00fa ur\u010den\u00e9 na odstr\u00e1nenie kvapaliny z plynov. Na PTFE membr\u00e1ne doch\u00e1dza ku vyzr\u00e1\u017eaniu vlhkosti.\",\"breadcrumb\":{\"@id\":\"https:\/\/www.3dsro.sk\/wp1\/obchod\/sm304-membranovy-ptfe-filter\/#breadcrumb\"},\"inLanguage\":\"sk-SK\",\"potentialAction\":[{\"@type\":\"ReadAction\",\"target\":[\"https:\/\/www.3dsro.sk\/wp1\/obchod\/sm304-membranovy-ptfe-filter\/\"]}]},{\"@type\":\"BreadcrumbList\",\"@id\":\"https:\/\/www.3dsro.sk\/wp1\/obchod\/sm304-membranovy-ptfe-filter\/#breadcrumb\",\"itemListElement\":[{\"@type\":\"ListItem\",\"position\":1,\"name\":\"Home\",\"item\":\"https:\/\/www.3dsro.sk\/wp1\/\"},{\"@type\":\"ListItem\",\"position\":2,\"name\":\"Obchod\",\"item\":\"https:\/\/www.3dsro.sk\/wp1\/obchod\/\"},{\"@type\":\"ListItem\",\"position\":3,\"name\":\"SM304.\u2022 Membr\u00e1nov\u00fd PTFE Filter\"}]}]}<\/script>\n<meta property=\"og:availability\" content=\"backorder\" \/>\n<meta property=\"product:availability\" content=\"available for order\" \/>\n<meta property=\"product:retailer_item_id\" content=\"SM304.\u2022\" \/>\n<meta property=\"product:condition\" content=\"new\" \/>\n<!-- \/ Yoast SEO Premium plugin. -->","yoast_head_json":{"title":"SM304.\u2022 Membr\u00e1nov\u00fd PTFE Filter - 3dsro","description":"Nerezov\u00e9 membr\u00e1nov\u00e9 filtre s\u00e9rie SM s\u00fa ur\u010den\u00e9 na odstr\u00e1nenie kvapaliny z plynov. Na PTFE membr\u00e1ne doch\u00e1dza ku vyzr\u00e1\u017eaniu vlhkosti.","robots":{"index":"index","follow":"follow","max-snippet":"max-snippet:-1","max-image-preview":"max-image-preview:large","max-video-preview":"max-video-preview:-1"},"canonical":"https:\/\/www.3dsro.sk\/wp1\/obchod\/sm304-membranovy-ptfe-filter\/","og_locale":"sk_SK","og_type":"article","og_title":"SM304.\u2022 Membr\u00e1nov\u00fd PTFE Filter","og_description":"Nerezov\u00e9 membr\u00e1nov\u00e9 filtre s\u00e9rie SM s\u00fa ur\u010den\u00e9 na odstr\u00e1nenie kvapaliny z plynov. Na PTFE membr\u00e1ne doch\u00e1dza ku vyzr\u00e1\u017eaniu vlhkosti.","og_url":"https:\/\/www.3dsro.sk\/wp1\/obchod\/sm304-membranovy-ptfe-filter\/","og_site_name":"3dsro","article_modified_time":"2025-03-24T17:30:01+00:00","og_image":[{"width":1000,"height":1001,"url":"https:\/\/www.3dsro.sk\/wp1\/wp-content\/uploads\/2021\/12\/002_SM304_Series.jpg","type":"image\/jpeg"}],"twitter_card":"summary_large_image","twitter_misc":{"Availability":"On backorder"},"schema":{"@context":"https:\/\/schema.org","@graph":[{"@type":"Organization","@id":"https:\/\/www.3dsro.sk\/wp1\/#organization","name":"3D s.r.o.","url":"https:\/\/www.3dsro.sk\/wp1\/","sameAs":[],"logo":{"@type":"ImageObject","@id":"https:\/\/www.3dsro.sk\/wp1\/#logo","inLanguage":"sk-SK","url":"https:\/\/www.3dsro.sk\/wp1\/wp-content\/uploads\/2020\/04\/logo-png-transp_300.png","contentUrl":"https:\/\/www.3dsro.sk\/wp1\/wp-content\/uploads\/2020\/04\/logo-png-transp_300.png","width":300,"height":47,"caption":"3D s.r.o."},"image":{"@id":"https:\/\/www.3dsro.sk\/wp1\/#logo"}},{"@type":"WebSite","@id":"https:\/\/www.3dsro.sk\/wp1\/#website","url":"https:\/\/www.3dsro.sk\/wp1\/","name":"3dsro","description":"Process automation Robotics, Process Measurement, Control Systems","publisher":{"@id":"https:\/\/www.3dsro.sk\/wp1\/#organization"},"potentialAction":[{"@type":"SearchAction","target":{"@type":"EntryPoint","urlTemplate":"https:\/\/www.3dsro.sk\/wp1\/?s={search_term_string}"},"query-input":"required name=search_term_string"}],"inLanguage":"sk-SK"},{"@type":"ImageObject","@id":"https:\/\/www.3dsro.sk\/wp1\/obchod\/sm304-membranovy-ptfe-filter\/#primaryimage","inLanguage":"sk-SK","url":"https:\/\/www.3dsro.sk\/wp1\/wp-content\/uploads\/2021\/12\/002_SM304_Series.jpg","contentUrl":"https:\/\/www.3dsro.sk\/wp1\/wp-content\/uploads\/2021\/12\/002_SM304_Series.jpg","width":1000,"height":1001,"caption":"SM304 classic filters"},{"@type":"WebPage","@id":"https:\/\/www.3dsro.sk\/wp1\/obchod\/sm304-membranovy-ptfe-filter\/#webpage","url":"https:\/\/www.3dsro.sk\/wp1\/obchod\/sm304-membranovy-ptfe-filter\/","name":"SM304.\u2022 Membr\u00e1nov\u00fd PTFE Filter - 3dsro","isPartOf":{"@id":"https:\/\/www.3dsro.sk\/wp1\/#website"},"primaryImageOfPage":{"@id":"https:\/\/www.3dsro.sk\/wp1\/obchod\/sm304-membranovy-ptfe-filter\/#primaryimage"},"datePublished":"2021-12-11T10:39:48+00:00","dateModified":"2025-03-24T17:30:01+00:00","description":"Nerezov\u00e9 membr\u00e1nov\u00e9 filtre s\u00e9rie SM s\u00fa ur\u010den\u00e9 na odstr\u00e1nenie kvapaliny z plynov. Na PTFE membr\u00e1ne doch\u00e1dza ku vyzr\u00e1\u017eaniu vlhkosti.","breadcrumb":{"@id":"https:\/\/www.3dsro.sk\/wp1\/obchod\/sm304-membranovy-ptfe-filter\/#breadcrumb"},"inLanguage":"sk-SK","potentialAction":[{"@type":"ReadAction","target":["https:\/\/www.3dsro.sk\/wp1\/obchod\/sm304-membranovy-ptfe-filter\/"]}]},{"@type":"BreadcrumbList","@id":"https:\/\/www.3dsro.sk\/wp1\/obchod\/sm304-membranovy-ptfe-filter\/#breadcrumb","itemListElement":[{"@type":"ListItem","position":1,"name":"Home","item":"https:\/\/www.3dsro.sk\/wp1\/"},{"@type":"ListItem","position":2,"name":"Obchod","item":"https:\/\/www.3dsro.sk\/wp1\/obchod\/"},{"@type":"ListItem","position":3,"name":"SM304.\u2022 Membr\u00e1nov\u00fd PTFE Filter"}]}]},"og_availability":"backorder","product_availability":"available for order","product_retailer_item_id":"SM304.\u2022","product_condition":"new"},"_links":{"self":[{"href":"https:\/\/www.3dsro.sk\/wp1\/wp-json\/wp\/v2\/product\/3996","targetHints":{"allow":["GET"]}}],"collection":[{"href":"https:\/\/www.3dsro.sk\/wp1\/wp-json\/wp\/v2\/product"}],"about":[{"href":"https:\/\/www.3dsro.sk\/wp1\/wp-json\/wp\/v2\/types\/product"}],"wp:featuredmedia":[{"embeddable":true,"href":"https:\/\/www.3dsro.sk\/wp1\/wp-json\/wp\/v2\/media\/4007"}],"wp:attachment":[{"href":"https:\/\/www.3dsro.sk\/wp1\/wp-json\/wp\/v2\/media?parent=3996"}],"wp:term":[{"taxonomy":"product_cat","embeddable":true,"href":"https:\/\/www.3dsro.sk\/wp1\/wp-json\/wp\/v2\/product_cat?post=3996"},{"taxonomy":"product_tag","embeddable":true,"href":"https:\/\/www.3dsro.sk\/wp1\/wp-json\/wp\/v2\/product_tag?post=3996"}],"curies":[{"name":"wp","href":"https:\/\/api.w.org\/{rel}","templated":true}]}}