{"id":3300,"date":"2021-11-29T12:38:36","date_gmt":"2021-11-29T11:38:36","guid":{"rendered":"https:\/\/www.3dsro.sk\/wp1\/?post_type=product&#038;p=3300"},"modified":"2025-03-24T18:40:50","modified_gmt":"2025-03-24T17:40:50","slug":"mb-ain-montazna-konzola","status":"publish","type":"product","link":"https:\/\/www.3dsro.sk\/wp1\/obchod\/mb-ain-montazna-konzola\/","title":{"rendered":"MB.AiN\u2022\u2022 Mont\u00e1\u017ena konzola"},"content":{"rendered":"<ul>\n<li>Inform\u00e1cia k spr\u00e1vnemu rozmeru a typu je uveden\u00e1 v produktovom liste k <strong>telesu filtra<\/strong> v \u010dasti &#8222;Accessories&#8220; polo\u017eka &#8222;Mounting bracket&#8220;<\/li>\n<li>V\u0161etky produktov\u00e9 listy s\u00fa dostupn\u00e9 na str\u00e1nke v\u00fdrobcu: <strong><span style=\"color: #ff0000;\"><a style=\"color: #ff0000;\" href=\"https:\/\/www.classicfilters.com\/literature\/\">produktov\u00e9 listy<\/a><\/span><\/strong><\/li>\n<\/ul>\n<p><img decoding=\"async\" class=\"alignnone size-full wp-image-3285\" src=\"https:\/\/www.3dsro.sk\/wp1\/wp-content\/uploads\/2021\/11\/mounting_bracket_help.jpg\" alt=\"\" width=\"1307\" height=\"108\" srcset=\"https:\/\/www.3dsro.sk\/wp1\/wp-content\/uploads\/2021\/11\/mounting_bracket_help-200x17.jpg 200w, https:\/\/www.3dsro.sk\/wp1\/wp-content\/uploads\/2021\/11\/mounting_bracket_help-300x25.jpg 300w, https:\/\/www.3dsro.sk\/wp1\/wp-content\/uploads\/2021\/11\/mounting_bracket_help-400x33.jpg 400w, https:\/\/www.3dsro.sk\/wp1\/wp-content\/uploads\/2021\/11\/mounting_bracket_help-500x41.jpg 500w, https:\/\/www.3dsro.sk\/wp1\/wp-content\/uploads\/2021\/11\/mounting_bracket_help-600x50.jpg 600w, https:\/\/www.3dsro.sk\/wp1\/wp-content\/uploads\/2021\/11\/mounting_bracket_help-700x58.jpg 700w, https:\/\/www.3dsro.sk\/wp1\/wp-content\/uploads\/2021\/11\/mounting_bracket_help-768x63.jpg 768w, https:\/\/www.3dsro.sk\/wp1\/wp-content\/uploads\/2021\/11\/mounting_bracket_help-800x66.jpg 800w, https:\/\/www.3dsro.sk\/wp1\/wp-content\/uploads\/2021\/11\/mounting_bracket_help-1024x85.jpg 1024w, https:\/\/www.3dsro.sk\/wp1\/wp-content\/uploads\/2021\/11\/mounting_bracket_help-1200x99.jpg 1200w, https:\/\/www.3dsro.sk\/wp1\/wp-content\/uploads\/2021\/11\/mounting_bracket_help.jpg 1307w\" sizes=\"(max-width: 1307px) 100vw, 1307px\" \/><\/p>\n","protected":false},"excerpt":{"rendered":"<p>Dr\u017eiak telesa filtra s mont\u00e1\u017eou na panel<\/p>\n<ul>\n<li>Materi\u00e1l nerez<\/li>\n<li>Zvo\u013ete po\u017eadovan\u00fa ve\u013ekos\u0165 a typ pod\u013ea telesa filtra<\/li>\n<\/ul>\n<p>Pr\u00edslu\u0161enstvo k filtrom <strong><a style=\"color: #ff0000;\" href=\"https:\/\/www.classicfilters.com\/pdf\/CF2.1\/019_Sealing_Options_and_Accessories.pdf\" target=\"_blank\" rel=\"noopener noreferrer\">pr\u00edslu\u0161enstvo<\/a><\/strong><\/p>\n","protected":false},"featured_media":3222,"template":"","meta":{"_monsterinsights_skip_tracking":false,"_monsterinsights_sitenote_active":false,"_monsterinsights_sitenote_note":"","_monsterinsights_sitenote_category":0,"spay_email":""},"product_cat":[59,201],"product_tag":[],"class_list":["post-3300","product","type-product","status-publish","has-post-thumbnail","hentry","product_cat-accessories","product_cat-montazna-konzola"],"yoast_head":"<!-- This site is optimized with the Yoast SEO Premium plugin v18.1 (Yoast SEO v18.2) - https:\/\/yoast.com\/wordpress\/plugins\/seo\/ -->\n<title>MB.AiN\u2022\u2022 Mont\u00e1\u017ena konzola - 3dsro<\/title>\n<meta name=\"description\" content=\"Mont\u00e1\u017ena konzola telesa filtra s in\u0161tal\u00e1ciou na panel. Nerezov\u00fd materi\u00e1l. Ve\u013ekos\u0165 je potrebn\u00e9 zvoli\u0165 pod\u013ea telesa filtra.\" \/>\n<meta name=\"robots\" content=\"index, follow, max-snippet:-1, max-image-preview:large, max-video-preview:-1\" \/>\n<link rel=\"canonical\" href=\"https:\/\/www.3dsro.sk\/wp1\/obchod\/mb-ain-montazna-konzola\/\" \/>\n<meta property=\"og:locale\" content=\"sk_SK\" \/>\n<meta property=\"og:type\" content=\"article\" \/>\n<meta property=\"og:title\" content=\"MB.AiN\u2022\u2022 Mont\u00e1\u017ena konzola\" \/>\n<meta property=\"og:description\" content=\"Mont\u00e1\u017ena konzola telesa filtra s in\u0161tal\u00e1ciou na panel. Nerezov\u00fd materi\u00e1l. Ve\u013ekos\u0165 je potrebn\u00e9 zvoli\u0165 pod\u013ea telesa filtra.\" \/>\n<meta property=\"og:url\" content=\"https:\/\/www.3dsro.sk\/wp1\/obchod\/mb-ain-montazna-konzola\/\" \/>\n<meta property=\"og:site_name\" content=\"3dsro\" \/>\n<meta property=\"article:modified_time\" content=\"2025-03-24T17:40:50+00:00\" \/>\n<meta property=\"og:image\" content=\"https:\/\/www.3dsro.sk\/wp1\/wp-content\/uploads\/2021\/11\/002_mounting_bracket_ain.jpg\" \/>\n\t<meta property=\"og:image:width\" content=\"552\" \/>\n\t<meta property=\"og:image:height\" content=\"552\" \/>\n\t<meta property=\"og:image:type\" content=\"image\/jpeg\" \/>\n<meta name=\"twitter:card\" content=\"summary_large_image\" \/>\n<meta name=\"twitter:label1\" content=\"Availability\" \/>\n\t<meta name=\"twitter:data1\" content=\"On backorder\" \/>\n<script type=\"application\/ld+json\" class=\"yoast-schema-graph\">{\"@context\":\"https:\/\/schema.org\",\"@graph\":[{\"@type\":\"Organization\",\"@id\":\"https:\/\/www.3dsro.sk\/wp1\/#organization\",\"name\":\"3D s.r.o.\",\"url\":\"https:\/\/www.3dsro.sk\/wp1\/\",\"sameAs\":[],\"logo\":{\"@type\":\"ImageObject\",\"@id\":\"https:\/\/www.3dsro.sk\/wp1\/#logo\",\"inLanguage\":\"sk-SK\",\"url\":\"https:\/\/www.3dsro.sk\/wp1\/wp-content\/uploads\/2020\/04\/logo-png-transp_300.png\",\"contentUrl\":\"https:\/\/www.3dsro.sk\/wp1\/wp-content\/uploads\/2020\/04\/logo-png-transp_300.png\",\"width\":300,\"height\":47,\"caption\":\"3D s.r.o.\"},\"image\":{\"@id\":\"https:\/\/www.3dsro.sk\/wp1\/#logo\"}},{\"@type\":\"WebSite\",\"@id\":\"https:\/\/www.3dsro.sk\/wp1\/#website\",\"url\":\"https:\/\/www.3dsro.sk\/wp1\/\",\"name\":\"3dsro\",\"description\":\"Process automation Robotics, Process Measurement, Control Systems\",\"publisher\":{\"@id\":\"https:\/\/www.3dsro.sk\/wp1\/#organization\"},\"potentialAction\":[{\"@type\":\"SearchAction\",\"target\":{\"@type\":\"EntryPoint\",\"urlTemplate\":\"https:\/\/www.3dsro.sk\/wp1\/?s={search_term_string}\"},\"query-input\":\"required name=search_term_string\"}],\"inLanguage\":\"sk-SK\"},{\"@type\":\"ImageObject\",\"@id\":\"https:\/\/www.3dsro.sk\/wp1\/obchod\/mb-ain-montazna-konzola\/#primaryimage\",\"inLanguage\":\"sk-SK\",\"url\":\"https:\/\/www.3dsro.sk\/wp1\/wp-content\/uploads\/2021\/11\/002_mounting_bracket_ain.jpg\",\"contentUrl\":\"https:\/\/www.3dsro.sk\/wp1\/wp-content\/uploads\/2021\/11\/002_mounting_bracket_ain.jpg\",\"width\":552,\"height\":552,\"caption\":\"montazna konzola mb.ain\"},{\"@type\":\"WebPage\",\"@id\":\"https:\/\/www.3dsro.sk\/wp1\/obchod\/mb-ain-montazna-konzola\/#webpage\",\"url\":\"https:\/\/www.3dsro.sk\/wp1\/obchod\/mb-ain-montazna-konzola\/\",\"name\":\"MB.AiN\u2022\u2022 Mont\u00e1\u017ena konzola - 3dsro\",\"isPartOf\":{\"@id\":\"https:\/\/www.3dsro.sk\/wp1\/#website\"},\"primaryImageOfPage\":{\"@id\":\"https:\/\/www.3dsro.sk\/wp1\/obchod\/mb-ain-montazna-konzola\/#primaryimage\"},\"datePublished\":\"2021-11-29T11:38:36+00:00\",\"dateModified\":\"2025-03-24T17:40:50+00:00\",\"description\":\"Mont\u00e1\u017ena konzola telesa filtra s in\u0161tal\u00e1ciou na panel. Nerezov\u00fd materi\u00e1l. Ve\u013ekos\u0165 je potrebn\u00e9 zvoli\u0165 pod\u013ea telesa filtra.\",\"breadcrumb\":{\"@id\":\"https:\/\/www.3dsro.sk\/wp1\/obchod\/mb-ain-montazna-konzola\/#breadcrumb\"},\"inLanguage\":\"sk-SK\",\"potentialAction\":[{\"@type\":\"ReadAction\",\"target\":[\"https:\/\/www.3dsro.sk\/wp1\/obchod\/mb-ain-montazna-konzola\/\"]}]},{\"@type\":\"BreadcrumbList\",\"@id\":\"https:\/\/www.3dsro.sk\/wp1\/obchod\/mb-ain-montazna-konzola\/#breadcrumb\",\"itemListElement\":[{\"@type\":\"ListItem\",\"position\":1,\"name\":\"Home\",\"item\":\"https:\/\/www.3dsro.sk\/wp1\/\"},{\"@type\":\"ListItem\",\"position\":2,\"name\":\"Obchod\",\"item\":\"https:\/\/www.3dsro.sk\/wp1\/obchod\/\"},{\"@type\":\"ListItem\",\"position\":3,\"name\":\"MB.AiN\u2022\u2022 Mont\u00e1\u017ena konzola\"}]}]}<\/script>\n<meta property=\"og:availability\" content=\"backorder\" \/>\n<meta property=\"product:availability\" content=\"available for order\" \/>\n<meta property=\"product:retailer_item_id\" content=\"MB.AiN\u2022\u2022\" \/>\n<meta property=\"product:condition\" content=\"new\" \/>\n<!-- \/ Yoast SEO Premium plugin. -->","yoast_head_json":{"title":"MB.AiN\u2022\u2022 Mont\u00e1\u017ena konzola - 3dsro","description":"Mont\u00e1\u017ena konzola telesa filtra s in\u0161tal\u00e1ciou na panel. Nerezov\u00fd materi\u00e1l. Ve\u013ekos\u0165 je potrebn\u00e9 zvoli\u0165 pod\u013ea telesa filtra.","robots":{"index":"index","follow":"follow","max-snippet":"max-snippet:-1","max-image-preview":"max-image-preview:large","max-video-preview":"max-video-preview:-1"},"canonical":"https:\/\/www.3dsro.sk\/wp1\/obchod\/mb-ain-montazna-konzola\/","og_locale":"sk_SK","og_type":"article","og_title":"MB.AiN\u2022\u2022 Mont\u00e1\u017ena konzola","og_description":"Mont\u00e1\u017ena konzola telesa filtra s in\u0161tal\u00e1ciou na panel. Nerezov\u00fd materi\u00e1l. Ve\u013ekos\u0165 je potrebn\u00e9 zvoli\u0165 pod\u013ea telesa filtra.","og_url":"https:\/\/www.3dsro.sk\/wp1\/obchod\/mb-ain-montazna-konzola\/","og_site_name":"3dsro","article_modified_time":"2025-03-24T17:40:50+00:00","og_image":[{"width":552,"height":552,"url":"https:\/\/www.3dsro.sk\/wp1\/wp-content\/uploads\/2021\/11\/002_mounting_bracket_ain.jpg","type":"image\/jpeg"}],"twitter_card":"summary_large_image","twitter_misc":{"Availability":"On backorder"},"schema":{"@context":"https:\/\/schema.org","@graph":[{"@type":"Organization","@id":"https:\/\/www.3dsro.sk\/wp1\/#organization","name":"3D s.r.o.","url":"https:\/\/www.3dsro.sk\/wp1\/","sameAs":[],"logo":{"@type":"ImageObject","@id":"https:\/\/www.3dsro.sk\/wp1\/#logo","inLanguage":"sk-SK","url":"https:\/\/www.3dsro.sk\/wp1\/wp-content\/uploads\/2020\/04\/logo-png-transp_300.png","contentUrl":"https:\/\/www.3dsro.sk\/wp1\/wp-content\/uploads\/2020\/04\/logo-png-transp_300.png","width":300,"height":47,"caption":"3D s.r.o."},"image":{"@id":"https:\/\/www.3dsro.sk\/wp1\/#logo"}},{"@type":"WebSite","@id":"https:\/\/www.3dsro.sk\/wp1\/#website","url":"https:\/\/www.3dsro.sk\/wp1\/","name":"3dsro","description":"Process automation Robotics, Process Measurement, Control Systems","publisher":{"@id":"https:\/\/www.3dsro.sk\/wp1\/#organization"},"potentialAction":[{"@type":"SearchAction","target":{"@type":"EntryPoint","urlTemplate":"https:\/\/www.3dsro.sk\/wp1\/?s={search_term_string}"},"query-input":"required name=search_term_string"}],"inLanguage":"sk-SK"},{"@type":"ImageObject","@id":"https:\/\/www.3dsro.sk\/wp1\/obchod\/mb-ain-montazna-konzola\/#primaryimage","inLanguage":"sk-SK","url":"https:\/\/www.3dsro.sk\/wp1\/wp-content\/uploads\/2021\/11\/002_mounting_bracket_ain.jpg","contentUrl":"https:\/\/www.3dsro.sk\/wp1\/wp-content\/uploads\/2021\/11\/002_mounting_bracket_ain.jpg","width":552,"height":552,"caption":"montazna konzola mb.ain"},{"@type":"WebPage","@id":"https:\/\/www.3dsro.sk\/wp1\/obchod\/mb-ain-montazna-konzola\/#webpage","url":"https:\/\/www.3dsro.sk\/wp1\/obchod\/mb-ain-montazna-konzola\/","name":"MB.AiN\u2022\u2022 Mont\u00e1\u017ena konzola - 3dsro","isPartOf":{"@id":"https:\/\/www.3dsro.sk\/wp1\/#website"},"primaryImageOfPage":{"@id":"https:\/\/www.3dsro.sk\/wp1\/obchod\/mb-ain-montazna-konzola\/#primaryimage"},"datePublished":"2021-11-29T11:38:36+00:00","dateModified":"2025-03-24T17:40:50+00:00","description":"Mont\u00e1\u017ena konzola telesa filtra s in\u0161tal\u00e1ciou na panel. Nerezov\u00fd materi\u00e1l. Ve\u013ekos\u0165 je potrebn\u00e9 zvoli\u0165 pod\u013ea telesa filtra.","breadcrumb":{"@id":"https:\/\/www.3dsro.sk\/wp1\/obchod\/mb-ain-montazna-konzola\/#breadcrumb"},"inLanguage":"sk-SK","potentialAction":[{"@type":"ReadAction","target":["https:\/\/www.3dsro.sk\/wp1\/obchod\/mb-ain-montazna-konzola\/"]}]},{"@type":"BreadcrumbList","@id":"https:\/\/www.3dsro.sk\/wp1\/obchod\/mb-ain-montazna-konzola\/#breadcrumb","itemListElement":[{"@type":"ListItem","position":1,"name":"Home","item":"https:\/\/www.3dsro.sk\/wp1\/"},{"@type":"ListItem","position":2,"name":"Obchod","item":"https:\/\/www.3dsro.sk\/wp1\/obchod\/"},{"@type":"ListItem","position":3,"name":"MB.AiN\u2022\u2022 Mont\u00e1\u017ena konzola"}]}]},"og_availability":"backorder","product_availability":"available for order","product_retailer_item_id":"MB.AiN\u2022\u2022","product_condition":"new"},"_links":{"self":[{"href":"https:\/\/www.3dsro.sk\/wp1\/wp-json\/wp\/v2\/product\/3300","targetHints":{"allow":["GET"]}}],"collection":[{"href":"https:\/\/www.3dsro.sk\/wp1\/wp-json\/wp\/v2\/product"}],"about":[{"href":"https:\/\/www.3dsro.sk\/wp1\/wp-json\/wp\/v2\/types\/product"}],"wp:featuredmedia":[{"embeddable":true,"href":"https:\/\/www.3dsro.sk\/wp1\/wp-json\/wp\/v2\/media\/3222"}],"wp:attachment":[{"href":"https:\/\/www.3dsro.sk\/wp1\/wp-json\/wp\/v2\/media?parent=3300"}],"wp:term":[{"taxonomy":"product_cat","embeddable":true,"href":"https:\/\/www.3dsro.sk\/wp1\/wp-json\/wp\/v2\/product_cat?post=3300"},{"taxonomy":"product_tag","embeddable":true,"href":"https:\/\/www.3dsro.sk\/wp1\/wp-json\/wp\/v2\/product_tag?post=3300"}],"curies":[{"name":"wp","href":"https:\/\/api.w.org\/{rel}","templated":true}]}}