{"id":3145,"date":"2021-11-28T08:38:49","date_gmt":"2021-11-28T07:38:49","guid":{"rendered":"https:\/\/www.3dsro.sk\/wp1\/?post_type=product&#038;p=3145"},"modified":"2025-03-24T18:42:45","modified_gmt":"2025-03-24T17:42:45","slug":"51-476-t-ptfe-filter","status":"publish","type":"product","link":"https:\/\/www.3dsro.sk\/wp1\/obchod\/51-476-t-ptfe-filter\/","title":{"rendered":"51.476.T\u2022\u2022 PTFE filter"},"content":{"rendered":"<p>PTFE filtra\u010dn\u00e9 prvky sa vyr\u00e1baj\u00fa spekan\u00edm \u010dist\u00fdch PTFE gran\u00fal, \u017eiadne in\u00e9 l\u00e1tky nie s\u00fa pou\u017eit\u00e9 v kon\u0161trukcii. Pou\u017eitie PTFE filtra\u010dn\u00fdch prvkov je vhodn\u00e9 len ke\u010f je mo\u017en\u00e9 pou\u017ei\u0165 iba 100% \u010dist\u00fd PTFE. Zvy\u010dajne je v\u00fdhodnej\u0161ie pou\u017ei\u0165 jednorazov\u00fd <a href=\"https:\/\/www.3dsro.sk\/wp1\/obchod\/51-476-filtracny-element-jednorazovy\/\"><strong><span style=\"color: #ff0000;\">filtra\u010dn\u00fd prvok typu K (PVDF)<\/span><\/strong><\/a>, ktor\u00e9 maj\u00fa lep\u0161ie charakteristiky tlakovej straty s dlh\u0161ou \u017eivotnos\u0165ou ako pri PTFE filtrov.<\/p>\n<p>V\u00fdhodou pri pou\u017eit\u00ed PTFE je vy\u0161\u0161ia maxim\u00e1lna teplota, a\u017e 200\u00b0C, a lep\u0161ia chemick\u00e1 odolnos\u0165 vo\u010di ur\u010dit\u00fdm l\u00e1tkam. PTFE prvky m\u00f4\u017eu by\u0165 ultrazvukovo \u010disten\u00e9.<\/p>\n<p><strong>Filtrovanie pevn\u00fdch \u010dast\u00edc<\/strong><\/p>\n<p><img decoding=\"async\" class=\"size-full wp-image-3132\" src=\"https:\/\/www.3dsro.sk\/wp1\/wp-content\/uploads\/2021\/11\/ptfe-size.jpg\" alt=\"Tabulka rozmerov PTFE filtrov\" width=\"542\" height=\"156\" srcset=\"https:\/\/www.3dsro.sk\/wp1\/wp-content\/uploads\/2021\/11\/ptfe-size-200x58.jpg 200w, https:\/\/www.3dsro.sk\/wp1\/wp-content\/uploads\/2021\/11\/ptfe-size-300x86.jpg 300w, https:\/\/www.3dsro.sk\/wp1\/wp-content\/uploads\/2021\/11\/ptfe-size-400x115.jpg 400w, https:\/\/www.3dsro.sk\/wp1\/wp-content\/uploads\/2021\/11\/ptfe-size-500x144.jpg 500w, https:\/\/www.3dsro.sk\/wp1\/wp-content\/uploads\/2021\/11\/ptfe-size-540x156.jpg 540w, https:\/\/www.3dsro.sk\/wp1\/wp-content\/uploads\/2021\/11\/ptfe-size.jpg 542w\" sizes=\"(max-width: 542px) 100vw, 542px\" \/><\/p>\n","protected":false},"excerpt":{"rendered":"<p style=\"margin: 0cm;\">100% PTFE filtra\u010dn\u00fd element<\/p>\n<ul style=\"margin: 0cm;\">\n<li>Filtrovanie pevn\u00fdch \u010dast\u00edc<\/li>\n<\/ul>\n<p style=\"margin: 0cm;\">Materi\u00e1l filtra\u010dn\u00e9ho elementu:<\/p>\n<ul style=\"margin: 0cm;\">\n<li>Teflon<\/li>\n<\/ul>\n<p style=\"margin: 0cm;\">Produktov\u00fd katal\u00f3g: <strong><a style=\"color: #ff0000;\" href=\"https:\/\/www.classicfilters.com\/pdf\/CF2.1\/024_PTFE_and_PE_Filter_Elements.pdf\" target=\"_blank\" rel=\"noopener noreferrer\">PTFE filtra\u010dn\u00e9 elementy<\/a><\/strong><\/p>\n<p style=\"margin: 0cm;\">Dimenzovanie pre plyny\u00a0 <strong><a style=\"color: #ff0000;\" href=\"https:\/\/www.classicfilters.com\/pdf\/CF2.1\/033_Air_Flow_Rates_PTFE.pdf\" target=\"_blank\" rel=\"noopener noreferrer\">prietok, tlakov\u00e1 strata<\/a><\/strong><\/p>\n","protected":false},"featured_media":3130,"template":"","meta":{"_monsterinsights_skip_tracking":false,"_monsterinsights_sitenote_active":false,"_monsterinsights_sitenote_note":"","_monsterinsights_sitenote_category":0,"spay_email":""},"product_cat":[54,179],"product_tag":[],"class_list":["post-3145","product","type-product","status-publish","has-post-thumbnail","hentry","product_cat-elements","product_cat-ptfe-filter-element","pa_filtration-grade-ptfe-pe-grade-t2","pa_filtration-grade-ptfe-pe-grade-t20","pa_filtration-grade-ptfe-pe-grade-t40","pa_grade-micro-2","pa_grade-micro-20","pa_grade-micro-40","pa_material-ptfe","pa_teplota-temp-200","pa_velkost-elementu-element-51-476"],"yoast_head":"<!-- This site is optimized with the Yoast SEO Premium plugin v18.1 (Yoast SEO v18.2) - https:\/\/yoast.com\/wordpress\/plugins\/seo\/ -->\n<title>51.476.T\u2022\u2022 PTFE filter - 3dsro<\/title>\n<meta name=\"description\" content=\"PTFE filtra\u010dn\u00e9 prvky sa vyr\u00e1baj\u00fa spekan\u00edm \u010dist\u00fdch PTFE gran\u00fal. Pou\u017eitie PTFE filtra\u010dn\u00fdch prvkov je vhodn\u00e9 tam ke\u010f nie je mo\u017en\u00e9 pou\u017ei\u0165 in\u00fd materi\u00e1l.\" \/>\n<meta name=\"robots\" content=\"index, follow, max-snippet:-1, max-image-preview:large, max-video-preview:-1\" \/>\n<link rel=\"canonical\" href=\"https:\/\/www.3dsro.sk\/wp1\/obchod\/51-476-t-ptfe-filter\/\" \/>\n<meta property=\"og:locale\" content=\"sk_SK\" \/>\n<meta property=\"og:type\" content=\"article\" \/>\n<meta property=\"og:title\" content=\"51.476.T\u2022\u2022 PTFE filter\" \/>\n<meta property=\"og:description\" content=\"PTFE filtra\u010dn\u00e9 prvky sa vyr\u00e1baj\u00fa spekan\u00edm \u010dist\u00fdch PTFE gran\u00fal. Pou\u017eitie PTFE filtra\u010dn\u00fdch prvkov je vhodn\u00e9 tam ke\u010f nie je mo\u017en\u00e9 pou\u017ei\u0165 in\u00fd materi\u00e1l.\" \/>\n<meta property=\"og:url\" content=\"https:\/\/www.3dsro.sk\/wp1\/obchod\/51-476-t-ptfe-filter\/\" \/>\n<meta property=\"og:site_name\" content=\"3dsro\" \/>\n<meta property=\"article:modified_time\" content=\"2025-03-24T17:42:45+00:00\" \/>\n<meta property=\"og:image\" content=\"https:\/\/www.3dsro.sk\/wp1\/wp-content\/uploads\/2021\/11\/01-ptfe-filter.jpg\" \/>\n\t<meta property=\"og:image:width\" content=\"1000\" \/>\n\t<meta property=\"og:image:height\" content=\"1000\" \/>\n\t<meta property=\"og:image:type\" content=\"image\/jpeg\" \/>\n<meta name=\"twitter:card\" content=\"summary_large_image\" \/>\n<meta name=\"twitter:label1\" content=\"Availability\" \/>\n\t<meta name=\"twitter:data1\" content=\"On backorder\" \/>\n<script type=\"application\/ld+json\" class=\"yoast-schema-graph\">{\"@context\":\"https:\/\/schema.org\",\"@graph\":[{\"@type\":\"Organization\",\"@id\":\"https:\/\/www.3dsro.sk\/wp1\/#organization\",\"name\":\"3D s.r.o.\",\"url\":\"https:\/\/www.3dsro.sk\/wp1\/\",\"sameAs\":[],\"logo\":{\"@type\":\"ImageObject\",\"@id\":\"https:\/\/www.3dsro.sk\/wp1\/#logo\",\"inLanguage\":\"sk-SK\",\"url\":\"https:\/\/www.3dsro.sk\/wp1\/wp-content\/uploads\/2020\/04\/logo-png-transp_300.png\",\"contentUrl\":\"https:\/\/www.3dsro.sk\/wp1\/wp-content\/uploads\/2020\/04\/logo-png-transp_300.png\",\"width\":300,\"height\":47,\"caption\":\"3D s.r.o.\"},\"image\":{\"@id\":\"https:\/\/www.3dsro.sk\/wp1\/#logo\"}},{\"@type\":\"WebSite\",\"@id\":\"https:\/\/www.3dsro.sk\/wp1\/#website\",\"url\":\"https:\/\/www.3dsro.sk\/wp1\/\",\"name\":\"3dsro\",\"description\":\"Process automation Robotics, Process Measurement, Control Systems\",\"publisher\":{\"@id\":\"https:\/\/www.3dsro.sk\/wp1\/#organization\"},\"potentialAction\":[{\"@type\":\"SearchAction\",\"target\":{\"@type\":\"EntryPoint\",\"urlTemplate\":\"https:\/\/www.3dsro.sk\/wp1\/?s={search_term_string}\"},\"query-input\":\"required name=search_term_string\"}],\"inLanguage\":\"sk-SK\"},{\"@type\":\"ImageObject\",\"@id\":\"https:\/\/www.3dsro.sk\/wp1\/obchod\/51-476-t-ptfe-filter\/#primaryimage\",\"inLanguage\":\"sk-SK\",\"url\":\"https:\/\/www.3dsro.sk\/wp1\/wp-content\/uploads\/2021\/11\/01-ptfe-filter.jpg\",\"contentUrl\":\"https:\/\/www.3dsro.sk\/wp1\/wp-content\/uploads\/2021\/11\/01-ptfe-filter.jpg\",\"width\":1000,\"height\":1000,\"caption\":\"ptfe filtracny element\"},{\"@type\":\"WebPage\",\"@id\":\"https:\/\/www.3dsro.sk\/wp1\/obchod\/51-476-t-ptfe-filter\/#webpage\",\"url\":\"https:\/\/www.3dsro.sk\/wp1\/obchod\/51-476-t-ptfe-filter\/\",\"name\":\"51.476.T\u2022\u2022 PTFE filter - 3dsro\",\"isPartOf\":{\"@id\":\"https:\/\/www.3dsro.sk\/wp1\/#website\"},\"primaryImageOfPage\":{\"@id\":\"https:\/\/www.3dsro.sk\/wp1\/obchod\/51-476-t-ptfe-filter\/#primaryimage\"},\"datePublished\":\"2021-11-28T07:38:49+00:00\",\"dateModified\":\"2025-03-24T17:42:45+00:00\",\"description\":\"PTFE filtra\u010dn\u00e9 prvky sa vyr\u00e1baj\u00fa spekan\u00edm \u010dist\u00fdch PTFE gran\u00fal. Pou\u017eitie PTFE filtra\u010dn\u00fdch prvkov je vhodn\u00e9 tam ke\u010f nie je mo\u017en\u00e9 pou\u017ei\u0165 in\u00fd materi\u00e1l.\",\"breadcrumb\":{\"@id\":\"https:\/\/www.3dsro.sk\/wp1\/obchod\/51-476-t-ptfe-filter\/#breadcrumb\"},\"inLanguage\":\"sk-SK\",\"potentialAction\":[{\"@type\":\"ReadAction\",\"target\":[\"https:\/\/www.3dsro.sk\/wp1\/obchod\/51-476-t-ptfe-filter\/\"]}]},{\"@type\":\"BreadcrumbList\",\"@id\":\"https:\/\/www.3dsro.sk\/wp1\/obchod\/51-476-t-ptfe-filter\/#breadcrumb\",\"itemListElement\":[{\"@type\":\"ListItem\",\"position\":1,\"name\":\"Home\",\"item\":\"https:\/\/www.3dsro.sk\/wp1\/\"},{\"@type\":\"ListItem\",\"position\":2,\"name\":\"Obchod\",\"item\":\"https:\/\/www.3dsro.sk\/wp1\/obchod\/\"},{\"@type\":\"ListItem\",\"position\":3,\"name\":\"51.476.T\u2022\u2022 PTFE filter\"}]}]}<\/script>\n<meta property=\"og:availability\" content=\"backorder\" \/>\n<meta property=\"product:availability\" content=\"available for order\" \/>\n<meta property=\"product:retailer_item_id\" content=\"51.476.T\u2022\u2022\" \/>\n<meta property=\"product:condition\" content=\"new\" \/>\n<!-- \/ Yoast SEO Premium plugin. -->","yoast_head_json":{"title":"51.476.T\u2022\u2022 PTFE filter - 3dsro","description":"PTFE filtra\u010dn\u00e9 prvky sa vyr\u00e1baj\u00fa spekan\u00edm \u010dist\u00fdch PTFE gran\u00fal. Pou\u017eitie PTFE filtra\u010dn\u00fdch prvkov je vhodn\u00e9 tam ke\u010f nie je mo\u017en\u00e9 pou\u017ei\u0165 in\u00fd materi\u00e1l.","robots":{"index":"index","follow":"follow","max-snippet":"max-snippet:-1","max-image-preview":"max-image-preview:large","max-video-preview":"max-video-preview:-1"},"canonical":"https:\/\/www.3dsro.sk\/wp1\/obchod\/51-476-t-ptfe-filter\/","og_locale":"sk_SK","og_type":"article","og_title":"51.476.T\u2022\u2022 PTFE filter","og_description":"PTFE filtra\u010dn\u00e9 prvky sa vyr\u00e1baj\u00fa spekan\u00edm \u010dist\u00fdch PTFE gran\u00fal. Pou\u017eitie PTFE filtra\u010dn\u00fdch prvkov je vhodn\u00e9 tam ke\u010f nie je mo\u017en\u00e9 pou\u017ei\u0165 in\u00fd materi\u00e1l.","og_url":"https:\/\/www.3dsro.sk\/wp1\/obchod\/51-476-t-ptfe-filter\/","og_site_name":"3dsro","article_modified_time":"2025-03-24T17:42:45+00:00","og_image":[{"width":1000,"height":1000,"url":"https:\/\/www.3dsro.sk\/wp1\/wp-content\/uploads\/2021\/11\/01-ptfe-filter.jpg","type":"image\/jpeg"}],"twitter_card":"summary_large_image","twitter_misc":{"Availability":"On backorder"},"schema":{"@context":"https:\/\/schema.org","@graph":[{"@type":"Organization","@id":"https:\/\/www.3dsro.sk\/wp1\/#organization","name":"3D s.r.o.","url":"https:\/\/www.3dsro.sk\/wp1\/","sameAs":[],"logo":{"@type":"ImageObject","@id":"https:\/\/www.3dsro.sk\/wp1\/#logo","inLanguage":"sk-SK","url":"https:\/\/www.3dsro.sk\/wp1\/wp-content\/uploads\/2020\/04\/logo-png-transp_300.png","contentUrl":"https:\/\/www.3dsro.sk\/wp1\/wp-content\/uploads\/2020\/04\/logo-png-transp_300.png","width":300,"height":47,"caption":"3D s.r.o."},"image":{"@id":"https:\/\/www.3dsro.sk\/wp1\/#logo"}},{"@type":"WebSite","@id":"https:\/\/www.3dsro.sk\/wp1\/#website","url":"https:\/\/www.3dsro.sk\/wp1\/","name":"3dsro","description":"Process automation Robotics, Process Measurement, Control Systems","publisher":{"@id":"https:\/\/www.3dsro.sk\/wp1\/#organization"},"potentialAction":[{"@type":"SearchAction","target":{"@type":"EntryPoint","urlTemplate":"https:\/\/www.3dsro.sk\/wp1\/?s={search_term_string}"},"query-input":"required name=search_term_string"}],"inLanguage":"sk-SK"},{"@type":"ImageObject","@id":"https:\/\/www.3dsro.sk\/wp1\/obchod\/51-476-t-ptfe-filter\/#primaryimage","inLanguage":"sk-SK","url":"https:\/\/www.3dsro.sk\/wp1\/wp-content\/uploads\/2021\/11\/01-ptfe-filter.jpg","contentUrl":"https:\/\/www.3dsro.sk\/wp1\/wp-content\/uploads\/2021\/11\/01-ptfe-filter.jpg","width":1000,"height":1000,"caption":"ptfe filtracny element"},{"@type":"WebPage","@id":"https:\/\/www.3dsro.sk\/wp1\/obchod\/51-476-t-ptfe-filter\/#webpage","url":"https:\/\/www.3dsro.sk\/wp1\/obchod\/51-476-t-ptfe-filter\/","name":"51.476.T\u2022\u2022 PTFE filter - 3dsro","isPartOf":{"@id":"https:\/\/www.3dsro.sk\/wp1\/#website"},"primaryImageOfPage":{"@id":"https:\/\/www.3dsro.sk\/wp1\/obchod\/51-476-t-ptfe-filter\/#primaryimage"},"datePublished":"2021-11-28T07:38:49+00:00","dateModified":"2025-03-24T17:42:45+00:00","description":"PTFE filtra\u010dn\u00e9 prvky sa vyr\u00e1baj\u00fa spekan\u00edm \u010dist\u00fdch PTFE gran\u00fal. Pou\u017eitie PTFE filtra\u010dn\u00fdch prvkov je vhodn\u00e9 tam ke\u010f nie je mo\u017en\u00e9 pou\u017ei\u0165 in\u00fd materi\u00e1l.","breadcrumb":{"@id":"https:\/\/www.3dsro.sk\/wp1\/obchod\/51-476-t-ptfe-filter\/#breadcrumb"},"inLanguage":"sk-SK","potentialAction":[{"@type":"ReadAction","target":["https:\/\/www.3dsro.sk\/wp1\/obchod\/51-476-t-ptfe-filter\/"]}]},{"@type":"BreadcrumbList","@id":"https:\/\/www.3dsro.sk\/wp1\/obchod\/51-476-t-ptfe-filter\/#breadcrumb","itemListElement":[{"@type":"ListItem","position":1,"name":"Home","item":"https:\/\/www.3dsro.sk\/wp1\/"},{"@type":"ListItem","position":2,"name":"Obchod","item":"https:\/\/www.3dsro.sk\/wp1\/obchod\/"},{"@type":"ListItem","position":3,"name":"51.476.T\u2022\u2022 PTFE filter"}]}]},"og_availability":"backorder","product_availability":"available for order","product_retailer_item_id":"51.476.T\u2022\u2022","product_condition":"new"},"_links":{"self":[{"href":"https:\/\/www.3dsro.sk\/wp1\/wp-json\/wp\/v2\/product\/3145","targetHints":{"allow":["GET"]}}],"collection":[{"href":"https:\/\/www.3dsro.sk\/wp1\/wp-json\/wp\/v2\/product"}],"about":[{"href":"https:\/\/www.3dsro.sk\/wp1\/wp-json\/wp\/v2\/types\/product"}],"wp:featuredmedia":[{"embeddable":true,"href":"https:\/\/www.3dsro.sk\/wp1\/wp-json\/wp\/v2\/media\/3130"}],"wp:attachment":[{"href":"https:\/\/www.3dsro.sk\/wp1\/wp-json\/wp\/v2\/media?parent=3145"}],"wp:term":[{"taxonomy":"product_cat","embeddable":true,"href":"https:\/\/www.3dsro.sk\/wp1\/wp-json\/wp\/v2\/product_cat?post=3145"},{"taxonomy":"product_tag","embeddable":true,"href":"https:\/\/www.3dsro.sk\/wp1\/wp-json\/wp\/v2\/product_tag?post=3145"}],"curies":[{"name":"wp","href":"https:\/\/api.w.org\/{rel}","templated":true}]}}