{"id":3099,"date":"2021-11-27T21:27:23","date_gmt":"2021-11-27T20:27:23","guid":{"rendered":"https:\/\/www.3dsro.sk\/wp1\/?post_type=product&#038;p=3099"},"modified":"2025-03-24T18:43:48","modified_gmt":"2025-03-24T17:43:48","slug":"12-32-ss-filter-snerezova-sietka","status":"publish","type":"product","link":"https:\/\/www.3dsro.sk\/wp1\/obchod\/12-32-ss-filter-snerezova-sietka\/","title":{"rendered":"12.32.SS\u2022\u2022 Nerezov\u00e1 sie\u0165ka"},"content":{"rendered":"<p>Filtra\u010dn\u00e9 prvky z nehrdzavej\u00facej ocele 316L sa skladaj\u00fa z jednej vrstvy sie\u0165oviny.<\/p>\n<p>Vhodn\u00e9 pre silne zne\u010disten\u00e9 m\u00e9dia na hrub\u00fa filtr\u00e1ciu<\/p>\n<p>Vzh\u013eadom na kon\u0161trukciu, filtra\u010dn\u00fd prvok nevy\u017eaduje dodato\u010dn\u00e9 tesnenie.<\/p>\n<p>Filtra\u010dn\u00e9 prvky s\u00fa dostupn\u00e9 v \u0161irokej \u0161k\u00e1le \u0161tandardn\u00fdch priemerov a d\u013a\u017eok. Rozmery s\u00fa odvoden\u00e9 od \u0161tandardn\u00fdch priemyseln\u00fdch ve\u013ekostiach a umo\u017e\u0148uj\u00fa in\u0161tal\u00e1ciu prvkov aj vo filtroch od in\u00fdch v\u00fdrobcov.<\/p>\n<p><strong>Filtrovanie pevn\u00fdch \u010dast\u00edc<\/strong><\/p>\n<p><img decoding=\"async\" class=\"alignnone size-full wp-image-3103\" src=\"https:\/\/www.3dsro.sk\/wp1\/wp-content\/uploads\/2021\/11\/01-nerez-1-vrstva.jpg\" alt=\"\" width=\"1629\" height=\"225\" srcset=\"https:\/\/www.3dsro.sk\/wp1\/wp-content\/uploads\/2021\/11\/01-nerez-1-vrstva-200x28.jpg 200w, https:\/\/www.3dsro.sk\/wp1\/wp-content\/uploads\/2021\/11\/01-nerez-1-vrstva-300x41.jpg 300w, https:\/\/www.3dsro.sk\/wp1\/wp-content\/uploads\/2021\/11\/01-nerez-1-vrstva-400x55.jpg 400w, https:\/\/www.3dsro.sk\/wp1\/wp-content\/uploads\/2021\/11\/01-nerez-1-vrstva-500x69.jpg 500w, https:\/\/www.3dsro.sk\/wp1\/wp-content\/uploads\/2021\/11\/01-nerez-1-vrstva-600x83.jpg 600w, https:\/\/www.3dsro.sk\/wp1\/wp-content\/uploads\/2021\/11\/01-nerez-1-vrstva-700x97.jpg 700w, https:\/\/www.3dsro.sk\/wp1\/wp-content\/uploads\/2021\/11\/01-nerez-1-vrstva-768x106.jpg 768w, https:\/\/www.3dsro.sk\/wp1\/wp-content\/uploads\/2021\/11\/01-nerez-1-vrstva-800x110.jpg 800w, https:\/\/www.3dsro.sk\/wp1\/wp-content\/uploads\/2021\/11\/01-nerez-1-vrstva-1024x141.jpg 1024w, https:\/\/www.3dsro.sk\/wp1\/wp-content\/uploads\/2021\/11\/01-nerez-1-vrstva-1200x166.jpg 1200w, https:\/\/www.3dsro.sk\/wp1\/wp-content\/uploads\/2021\/11\/01-nerez-1-vrstva-1536x212.jpg 1536w, https:\/\/www.3dsro.sk\/wp1\/wp-content\/uploads\/2021\/11\/01-nerez-1-vrstva.jpg 1629w\" sizes=\"(max-width: 1629px) 100vw, 1629px\" \/><\/p>\n","protected":false},"excerpt":{"rendered":"<p style=\"margin: 0cm;\">1-vrstvov\u00fd nerezov\u00fd filtra\u010dn\u00fd element zo sie\u0165oviny<\/p>\n<ul style=\"margin: 0cm;\">\n<li>Filtrovanie pevn\u00fdch \u010dast\u00edc<\/li>\n<\/ul>\n<p style=\"margin: 0cm;\">Materi\u00e1l filtra\u010dn\u00e9ho elementu:<\/p>\n<ul style=\"margin: 0cm;\">\n<li>316L<\/li>\n<\/ul>\n<p style=\"margin: 0cm;\">Produktov\u00fd katal\u00f3g: <strong><a style=\"color: #ff0000;\" href=\"https:\/\/www.classicfilters.com\/pdf\/CF2.1\/023a_Filter_Discs_%20SS_Filter_Elements.pdf\" target=\"_blank\" rel=\"noopener noreferrer\">filtra\u010dn\u00e1 sie\u0165ovina<\/a><\/strong><\/p>\n","protected":false},"featured_media":3105,"template":"","meta":{"_monsterinsights_skip_tracking":false,"_monsterinsights_sitenote_active":false,"_monsterinsights_sitenote_note":"","_monsterinsights_sitenote_category":0,"spay_email":""},"product_cat":[54,159],"product_tag":[],"class_list":["post-3099","product","type-product","status-publish","has-post-thumbnail","hentry","product_cat-elements","product_cat-nerezova-sietka-1vrstva","pa_filtration-grade-mesh-grade-25","pa_filtration-grade-mesh-grade-50","pa_filtration-grade-mesh-grade-75","pa_filtration-grade-mesh-grade-100","pa_filtration-grade-mesh-grade-150","pa_filtration-grade-mesh-grade-200","pa_filtration-grade-mesh-grade-250","pa_filtration-grade-mesh-grade-300","pa_filtration-grade-mesh-grade-350","pa_filtration-grade-mesh-grade-400","pa_grade-micro-25","pa_grade-micro-50","pa_grade-micro-75","pa_grade-micro-100","pa_grade-micro-150","pa_grade-micro-200","pa_grade-micro-250","pa_grade-micro-300","pa_grade-micro-350","pa_grade-micro-400","pa_material-ss-316l","pa_teplota-temp-50","pa_teplota-temp-110","pa_teplota-temp-150","pa_teplota-temp-200","pa_teplota-temp-480","pa_teplota-temp-500","pa_velkost-elementu-element-12-32"],"yoast_head":"<!-- This site is optimized with the Yoast SEO Premium plugin v18.1 (Yoast SEO v18.2) - https:\/\/yoast.com\/wordpress\/plugins\/seo\/ -->\n<title>12.32.SS\u2022\u2022 Nerezov\u00e1 sie\u0165ka - 3dsro<\/title>\n<meta name=\"description\" content=\"Filtra\u010dn\u00e9 prvky z nehrdzavej\u00facej ocele 316L sa skladaj\u00fa z jednej vrstvy sie\u0165oviny. Vhodn\u00e9 pre silne zne\u010disten\u00e9 m\u00e9dia na hrub\u00fa filtr\u00e1ciu\" \/>\n<meta name=\"robots\" content=\"index, follow, max-snippet:-1, max-image-preview:large, max-video-preview:-1\" \/>\n<link rel=\"canonical\" href=\"https:\/\/www.3dsro.sk\/wp1\/obchod\/12-32-ss-filter-snerezova-sietka\/\" \/>\n<meta property=\"og:locale\" content=\"sk_SK\" \/>\n<meta property=\"og:type\" content=\"article\" \/>\n<meta property=\"og:title\" content=\"12.32.SS\u2022\u2022 Nerezov\u00e1 sie\u0165ka\" \/>\n<meta property=\"og:description\" content=\"Filtra\u010dn\u00e9 prvky z nehrdzavej\u00facej ocele 316L sa skladaj\u00fa z jednej vrstvy sie\u0165oviny. Vhodn\u00e9 pre silne zne\u010disten\u00e9 m\u00e9dia na hrub\u00fa filtr\u00e1ciu\" \/>\n<meta property=\"og:url\" content=\"https:\/\/www.3dsro.sk\/wp1\/obchod\/12-32-ss-filter-snerezova-sietka\/\" \/>\n<meta property=\"og:site_name\" content=\"3dsro\" \/>\n<meta property=\"article:modified_time\" content=\"2025-03-24T17:43:48+00:00\" \/>\n<meta property=\"og:image\" content=\"https:\/\/www.3dsro.sk\/wp1\/wp-content\/uploads\/2021\/11\/02-nerez-1-vrstva.jpg\" \/>\n\t<meta property=\"og:image:width\" content=\"633\" \/>\n\t<meta property=\"og:image:height\" content=\"634\" \/>\n\t<meta property=\"og:image:type\" content=\"image\/jpeg\" \/>\n<meta name=\"twitter:card\" content=\"summary_large_image\" \/>\n<meta name=\"twitter:label1\" content=\"Availability\" \/>\n\t<meta name=\"twitter:data1\" content=\"On backorder\" \/>\n<script type=\"application\/ld+json\" class=\"yoast-schema-graph\">{\"@context\":\"https:\/\/schema.org\",\"@graph\":[{\"@type\":\"Organization\",\"@id\":\"https:\/\/www.3dsro.sk\/wp1\/#organization\",\"name\":\"3D s.r.o.\",\"url\":\"https:\/\/www.3dsro.sk\/wp1\/\",\"sameAs\":[],\"logo\":{\"@type\":\"ImageObject\",\"@id\":\"https:\/\/www.3dsro.sk\/wp1\/#logo\",\"inLanguage\":\"sk-SK\",\"url\":\"https:\/\/www.3dsro.sk\/wp1\/wp-content\/uploads\/2020\/04\/logo-png-transp_300.png\",\"contentUrl\":\"https:\/\/www.3dsro.sk\/wp1\/wp-content\/uploads\/2020\/04\/logo-png-transp_300.png\",\"width\":300,\"height\":47,\"caption\":\"3D s.r.o.\"},\"image\":{\"@id\":\"https:\/\/www.3dsro.sk\/wp1\/#logo\"}},{\"@type\":\"WebSite\",\"@id\":\"https:\/\/www.3dsro.sk\/wp1\/#website\",\"url\":\"https:\/\/www.3dsro.sk\/wp1\/\",\"name\":\"3dsro\",\"description\":\"Process automation Robotics, Process Measurement, Control Systems\",\"publisher\":{\"@id\":\"https:\/\/www.3dsro.sk\/wp1\/#organization\"},\"potentialAction\":[{\"@type\":\"SearchAction\",\"target\":{\"@type\":\"EntryPoint\",\"urlTemplate\":\"https:\/\/www.3dsro.sk\/wp1\/?s={search_term_string}\"},\"query-input\":\"required name=search_term_string\"}],\"inLanguage\":\"sk-SK\"},{\"@type\":\"ImageObject\",\"@id\":\"https:\/\/www.3dsro.sk\/wp1\/obchod\/12-32-ss-filter-snerezova-sietka\/#primaryimage\",\"inLanguage\":\"sk-SK\",\"url\":\"https:\/\/www.3dsro.sk\/wp1\/wp-content\/uploads\/2021\/11\/02-nerez-1-vrstva.jpg\",\"contentUrl\":\"https:\/\/www.3dsro.sk\/wp1\/wp-content\/uploads\/2021\/11\/02-nerez-1-vrstva.jpg\",\"width\":633,\"height\":634,\"caption\":\"nerezova filtracna mriezka\"},{\"@type\":\"WebPage\",\"@id\":\"https:\/\/www.3dsro.sk\/wp1\/obchod\/12-32-ss-filter-snerezova-sietka\/#webpage\",\"url\":\"https:\/\/www.3dsro.sk\/wp1\/obchod\/12-32-ss-filter-snerezova-sietka\/\",\"name\":\"12.32.SS\u2022\u2022 Nerezov\u00e1 sie\u0165ka - 3dsro\",\"isPartOf\":{\"@id\":\"https:\/\/www.3dsro.sk\/wp1\/#website\"},\"primaryImageOfPage\":{\"@id\":\"https:\/\/www.3dsro.sk\/wp1\/obchod\/12-32-ss-filter-snerezova-sietka\/#primaryimage\"},\"datePublished\":\"2021-11-27T20:27:23+00:00\",\"dateModified\":\"2025-03-24T17:43:48+00:00\",\"description\":\"Filtra\u010dn\u00e9 prvky z nehrdzavej\u00facej ocele 316L sa skladaj\u00fa z jednej vrstvy sie\u0165oviny. Vhodn\u00e9 pre silne zne\u010disten\u00e9 m\u00e9dia na hrub\u00fa filtr\u00e1ciu\",\"breadcrumb\":{\"@id\":\"https:\/\/www.3dsro.sk\/wp1\/obchod\/12-32-ss-filter-snerezova-sietka\/#breadcrumb\"},\"inLanguage\":\"sk-SK\",\"potentialAction\":[{\"@type\":\"ReadAction\",\"target\":[\"https:\/\/www.3dsro.sk\/wp1\/obchod\/12-32-ss-filter-snerezova-sietka\/\"]}]},{\"@type\":\"BreadcrumbList\",\"@id\":\"https:\/\/www.3dsro.sk\/wp1\/obchod\/12-32-ss-filter-snerezova-sietka\/#breadcrumb\",\"itemListElement\":[{\"@type\":\"ListItem\",\"position\":1,\"name\":\"Home\",\"item\":\"https:\/\/www.3dsro.sk\/wp1\/\"},{\"@type\":\"ListItem\",\"position\":2,\"name\":\"Obchod\",\"item\":\"https:\/\/www.3dsro.sk\/wp1\/obchod\/\"},{\"@type\":\"ListItem\",\"position\":3,\"name\":\"12.32.SS\u2022\u2022 Nerezov\u00e1 sie\u0165ka\"}]}]}<\/script>\n<meta property=\"og:availability\" content=\"backorder\" \/>\n<meta property=\"product:availability\" content=\"available for order\" \/>\n<meta property=\"product:retailer_item_id\" content=\"12.32.SS\u2022\u2022\" \/>\n<meta property=\"product:condition\" content=\"new\" \/>\n<!-- \/ Yoast SEO Premium plugin. -->","yoast_head_json":{"title":"12.32.SS\u2022\u2022 Nerezov\u00e1 sie\u0165ka - 3dsro","description":"Filtra\u010dn\u00e9 prvky z nehrdzavej\u00facej ocele 316L sa skladaj\u00fa z jednej vrstvy sie\u0165oviny. Vhodn\u00e9 pre silne zne\u010disten\u00e9 m\u00e9dia na hrub\u00fa filtr\u00e1ciu","robots":{"index":"index","follow":"follow","max-snippet":"max-snippet:-1","max-image-preview":"max-image-preview:large","max-video-preview":"max-video-preview:-1"},"canonical":"https:\/\/www.3dsro.sk\/wp1\/obchod\/12-32-ss-filter-snerezova-sietka\/","og_locale":"sk_SK","og_type":"article","og_title":"12.32.SS\u2022\u2022 Nerezov\u00e1 sie\u0165ka","og_description":"Filtra\u010dn\u00e9 prvky z nehrdzavej\u00facej ocele 316L sa skladaj\u00fa z jednej vrstvy sie\u0165oviny. Vhodn\u00e9 pre silne zne\u010disten\u00e9 m\u00e9dia na hrub\u00fa filtr\u00e1ciu","og_url":"https:\/\/www.3dsro.sk\/wp1\/obchod\/12-32-ss-filter-snerezova-sietka\/","og_site_name":"3dsro","article_modified_time":"2025-03-24T17:43:48+00:00","og_image":[{"width":633,"height":634,"url":"https:\/\/www.3dsro.sk\/wp1\/wp-content\/uploads\/2021\/11\/02-nerez-1-vrstva.jpg","type":"image\/jpeg"}],"twitter_card":"summary_large_image","twitter_misc":{"Availability":"On backorder"},"schema":{"@context":"https:\/\/schema.org","@graph":[{"@type":"Organization","@id":"https:\/\/www.3dsro.sk\/wp1\/#organization","name":"3D s.r.o.","url":"https:\/\/www.3dsro.sk\/wp1\/","sameAs":[],"logo":{"@type":"ImageObject","@id":"https:\/\/www.3dsro.sk\/wp1\/#logo","inLanguage":"sk-SK","url":"https:\/\/www.3dsro.sk\/wp1\/wp-content\/uploads\/2020\/04\/logo-png-transp_300.png","contentUrl":"https:\/\/www.3dsro.sk\/wp1\/wp-content\/uploads\/2020\/04\/logo-png-transp_300.png","width":300,"height":47,"caption":"3D s.r.o."},"image":{"@id":"https:\/\/www.3dsro.sk\/wp1\/#logo"}},{"@type":"WebSite","@id":"https:\/\/www.3dsro.sk\/wp1\/#website","url":"https:\/\/www.3dsro.sk\/wp1\/","name":"3dsro","description":"Process automation Robotics, Process Measurement, Control Systems","publisher":{"@id":"https:\/\/www.3dsro.sk\/wp1\/#organization"},"potentialAction":[{"@type":"SearchAction","target":{"@type":"EntryPoint","urlTemplate":"https:\/\/www.3dsro.sk\/wp1\/?s={search_term_string}"},"query-input":"required name=search_term_string"}],"inLanguage":"sk-SK"},{"@type":"ImageObject","@id":"https:\/\/www.3dsro.sk\/wp1\/obchod\/12-32-ss-filter-snerezova-sietka\/#primaryimage","inLanguage":"sk-SK","url":"https:\/\/www.3dsro.sk\/wp1\/wp-content\/uploads\/2021\/11\/02-nerez-1-vrstva.jpg","contentUrl":"https:\/\/www.3dsro.sk\/wp1\/wp-content\/uploads\/2021\/11\/02-nerez-1-vrstva.jpg","width":633,"height":634,"caption":"nerezova filtracna mriezka"},{"@type":"WebPage","@id":"https:\/\/www.3dsro.sk\/wp1\/obchod\/12-32-ss-filter-snerezova-sietka\/#webpage","url":"https:\/\/www.3dsro.sk\/wp1\/obchod\/12-32-ss-filter-snerezova-sietka\/","name":"12.32.SS\u2022\u2022 Nerezov\u00e1 sie\u0165ka - 3dsro","isPartOf":{"@id":"https:\/\/www.3dsro.sk\/wp1\/#website"},"primaryImageOfPage":{"@id":"https:\/\/www.3dsro.sk\/wp1\/obchod\/12-32-ss-filter-snerezova-sietka\/#primaryimage"},"datePublished":"2021-11-27T20:27:23+00:00","dateModified":"2025-03-24T17:43:48+00:00","description":"Filtra\u010dn\u00e9 prvky z nehrdzavej\u00facej ocele 316L sa skladaj\u00fa z jednej vrstvy sie\u0165oviny. Vhodn\u00e9 pre silne zne\u010disten\u00e9 m\u00e9dia na hrub\u00fa filtr\u00e1ciu","breadcrumb":{"@id":"https:\/\/www.3dsro.sk\/wp1\/obchod\/12-32-ss-filter-snerezova-sietka\/#breadcrumb"},"inLanguage":"sk-SK","potentialAction":[{"@type":"ReadAction","target":["https:\/\/www.3dsro.sk\/wp1\/obchod\/12-32-ss-filter-snerezova-sietka\/"]}]},{"@type":"BreadcrumbList","@id":"https:\/\/www.3dsro.sk\/wp1\/obchod\/12-32-ss-filter-snerezova-sietka\/#breadcrumb","itemListElement":[{"@type":"ListItem","position":1,"name":"Home","item":"https:\/\/www.3dsro.sk\/wp1\/"},{"@type":"ListItem","position":2,"name":"Obchod","item":"https:\/\/www.3dsro.sk\/wp1\/obchod\/"},{"@type":"ListItem","position":3,"name":"12.32.SS\u2022\u2022 Nerezov\u00e1 sie\u0165ka"}]}]},"og_availability":"backorder","product_availability":"available for order","product_retailer_item_id":"12.32.SS\u2022\u2022","product_condition":"new"},"_links":{"self":[{"href":"https:\/\/www.3dsro.sk\/wp1\/wp-json\/wp\/v2\/product\/3099","targetHints":{"allow":["GET"]}}],"collection":[{"href":"https:\/\/www.3dsro.sk\/wp1\/wp-json\/wp\/v2\/product"}],"about":[{"href":"https:\/\/www.3dsro.sk\/wp1\/wp-json\/wp\/v2\/types\/product"}],"wp:featuredmedia":[{"embeddable":true,"href":"https:\/\/www.3dsro.sk\/wp1\/wp-json\/wp\/v2\/media\/3105"}],"wp:attachment":[{"href":"https:\/\/www.3dsro.sk\/wp1\/wp-json\/wp\/v2\/media?parent=3099"}],"wp:term":[{"taxonomy":"product_cat","embeddable":true,"href":"https:\/\/www.3dsro.sk\/wp1\/wp-json\/wp\/v2\/product_cat?post=3099"},{"taxonomy":"product_tag","embeddable":true,"href":"https:\/\/www.3dsro.sk\/wp1\/wp-json\/wp\/v2\/product_tag?post=3099"}],"curies":[{"name":"wp","href":"https:\/\/api.w.org\/{rel}","templated":true}]}}